the greatest common factor of p and n?
29
Let k be (0 - 6)*6/4. Let h = -8 - k. What is the greatest common factor of h and 4?
1
Suppose 0 = 4*h - h - 3, 2*a = -h + 41. Calculate the highest common factor of a and 4.
4
Let z be ((-2)/(-3))/(3/18). Let s = 23 + -10. Suppose -z = -j, 3*j - s = 2*y - 67. What is the greatest common factor of 3 and y?
3
Let z = 18 - -30. Let k(f) = 10*f - 8. Let s be k(2). What is the greatest common factor of s and z?
12
Let k = 4 + -1. Suppose -c + d = -0*c - k, -3*c - 2*d = -14. Calculate the greatest common factor of c and 28.
4
Let p = 131 - 101. Calculate the greatest common factor of p and 240.
30
Let f(h) = h**3 - 3*h**2 - 5*h - 2. Let x be f(6). Calculate the highest common factor of 19 and x.
19
Suppose 0 = -4*o + 71 + 17. Let h = o + -10. Suppose 0 = 9*u - 7*u - 24. What is the highest common divisor of u and h?
12
Let w(q) = 59*q**3 + 2*q**2 - 2*q + 1. Suppose -3*i = -4 + 1. Let b be w(i). Calculate the greatest common divisor of b and 15.
15
Let k be 21 + -1 + 2*-1. Let p be 2 - -1 - 30/(-15). Suppose 5*x - x = n + 33, 0 = -p*x - 4*n + 57. What is the greatest common divisor of x and k?
9
Suppose -578 = -12*f - 38. What is the greatest common divisor of 9 and f?
9
Let y be 24/11 + 18/(-99). Suppose -3*k - 2*u = -97, -3*k = 7*u - y*u - 85. Calculate the greatest common factor of 14 and k.
7
Let p = 6 + -7. Let j = p - -20. What is the highest common divisor of j and 190?
19
Let t be 34/51 + 0 + 82/3. Calculate the greatest common divisor of t and 4.
4
Suppose 4*y = 269 - 33. Let g = -31 + y. Suppose -5*s + 340 = 5*l, 0 = -10*s + 5*s - 10. What is the greatest common factor of g and l?
14
Let b(n) = -n**2 + 11*n + 6. Let t be b(6). What is the highest common divisor of t and 54?
18
Let x = 7 + 7. Let p be (-274)/(-10) - x/35. Suppose -1 = -3*a + 8. Calculate the highest common factor of p and a.
3
Suppose g + 2*n - 9 = 0, -3*g + 4*g = 2*n + 17. Let t = g - 4. Let i be t + 0 + (1 - -1). Calculate the highest common divisor of 66 and i.
11
Let k(c) = c + 7 + 11*c + 2*c. Let u be k(5). Calculate the greatest common divisor of 7 and u.
7
Let r = 157 - 139. Let w be 182/4 - (-3)/(-6). What is the greatest common factor of r and w?
9
Let v = 6 + -3. Let h be 1*((-72)/v)/(-4). What is the highest common factor of 36 and h?
6
Suppose -4*n = n - 25. Suppose s = f - 25, -n*f + 2*s + 2*s = -120. Suppose -62 = -11*d + 48. Calculate the highest common factor of d and f.
10
Let j = -7 - -9. Suppose j*q + 3*b - 22 = 0, -2*q + 4*b = -q - 22. Calculate the highest common divisor of 112 and q.
14
Suppose 123*c = 124*c - 126. What is the highest common divisor of c and 14?
14
Suppose 5*v - 23 = -r - 0, 0 = 5*r - 4*v - 144. Let o = 15 + -13. Suppose -o*f + 0 = -28. Calculate the highest common factor of f and r.
14
Let m(h) = h**2 + 3*h - 2. Let z be m(-6). Let w be ((-1)/2)/((-2)/z). Calculate the greatest common factor of w and 28.
4
Let v be (387/(-12))/(6/(-88)). Calculate the greatest common factor of v and 43.
43
Suppose q + 9 = -0*q. Let b = -2 - q. Calculate the greatest common factor of 28 and b.
7
Let x be (-5)/(-2)*10 - 1. Let n = -23 + 32. Let z = x - n. Calculate the greatest common divisor of z and 15.
15
Let z = -173 - -303. Calculate the greatest common factor of 26 and z.
26
Suppose t + 4*t = 295. Suppose -y = -j - 3*y - 9, 5*j + 13 = -2*y. Let z be j/(-1 - t/(-60)). What is the greatest common factor of 24 and z?
12
Suppose 5*q - 19 = 4*z, 5 = -2*q - z + 23. What is the highest common factor of q and 112?
7
Let s be 38/14 + 12/42. Let l(f) = -f**3 + 4*f**2 - f - 1. Let h be l(s). What is the highest common factor of 55 and h?
5
Let s be (-4)/10 - (-816)/40. What is the highest common factor of 5 and s?
5
Suppose 6*v - v = -2*o + 1, o + 4*v + 1 = 0. Suppose g = -g + u + 61, -3*g + o*u + 87 = 0. What is the greatest common factor of 48 and g?
16
Let p(y) = -y**3 - 4*y**2 - 5*y - 4. Let z be p(-3). Suppose -5*o = -0*o - 120. Suppose z*t - o = -t. Calculate the greatest common divisor of t and 4.
4
Let a(y) = y + 12. Let g be a(-10). Let j be (8 - g)*(-2)/(-3). What is the greatest common divisor of 1 and j?
1
Let g = -10 - -19. Let c be (-330)/(-8) - g/(-12). Suppose 0 = 5*n + 2*d - c, -d = n - 3 - 3. What is the greatest common factor of n and 10?
10
Suppose -3*d - 152 - 10 = 0. Let v = 94 + d. Calculate the greatest common factor of v and 5.
5
Let i(w) = -w**2 - 6*w + 9. Let o be i(-5). What is the greatest common factor of 7 and o?
7
Let j be -1 + (-1 - 1 - -31). What is the greatest common factor of 7 and j?
7
Suppose 16 = -4*q, -5*a = 2*q + 23 - 95. Suppose -f + a = -0*f. Let n be (-12)/(-10)*(-120)/(-18). Calculate the greatest common factor of n and f.
8
Suppose -2*w + 90 + 18 = 0. Let s = -4 + 0. Let c be 1 - s - (-1 + 0). What is the greatest common divisor of c and w?
6
Let u be (-52 - -2)*(-4 + 3)*4. What is the highest common factor of u and 50?
50
Suppose 11*t - 6*t = 50. Let j be 1608/20 - 4/t. Calculate the greatest common divisor of 16 and j.
16
Let n(z) = -z - 1. Let j be n(-3). Suppose -18 + j = -2*y. Let q be 9 + -3*5/15. What is the highest common divisor of y and q?
8
Suppose 0 = -y + 2*t + 4 + 4, -y = 3*t - 33. What is the highest common divisor of 144 and y?
18
Let d(t) = t**3 + 14*t**2 - 9*t - 16. Let r be d(-14). Calculate the highest common factor of 10 and r.
10
Suppose 0*w + 30 = 5*w. What is the highest common factor of 4 and w?
2
Suppose 2*o = 4*o - 66. Suppose 3*f = 6*f - 66. What is the highest common factor of o and f?
11
Let y = 11 + -7. Let m = -2 - -8. What is the highest common factor of m and y?
2
Let z(d) = d**3 - 14*d**2 + 3*d + 14. Let f be z(14). Calculate the greatest common factor of f and 8.
8
Let r = 29 + -1. Let s = 0 + 16. Suppose 4*d = 6*d - 3*z - 152, -s = 4*z. Calculate the greatest common factor of r and d.
14
Let i be 2/(4/80*4). Calculate the greatest common divisor of 70 and i.
10
Suppose -55 = -i - 0. Let a be (-1 + -9)/(-3 - -1). Suppose -4*d + d + 29 = 4*q, -2*q - 3 = a*d. What is the highest common factor of q and i?
11
Let v be 106/10 - (-9)/(-15). Calculate the highest common divisor of v and 110.
10
Suppose -23 - 17 = 2*h. Let t = h - -52. What is the highest common divisor of 8 and t?
8
Suppose 3*d + 25 = 4*d. What is the greatest common factor of d and 225?
25
Let a(b) = -17*b. Suppose 2*p - 8 = -2*p + 2*z, 0 = -3*p - 4*z - 16. Let s = p + -1. Let x be a(s). Calculate the highest common divisor of x and 17.
17
Let h = 30 - -6. Let q(k) = -k**3 - 6*k**2 - k + 3. Let v be q(-6). Calculate the highest common factor of h and v.
9
Let s(o) = -2*o**3 - 13*o**2 + 6*o + 3. Let j(u) = -u**2 - 5*u - 1. Let w be j(-6). Let b be s(w). What is the highest common factor of b and 25?
5
Suppose 2*k - 48 = -0*k. Let c be 6*(-3)/(-6) - 0. Let z be (c - 6)/((-1)/2). What is the highest common divisor of k and z?
6
Let r = 3 - -1. Suppose -171 = -r*p - 31. What is the highest common divisor of p and 7?
7
Let q = 298 - 198. Let z(s) = 20*s**2 - 6*s + 6. Let m be z(1). What is the highest common divisor of m and q?
20
Suppose -3*w + 3*t + 324 = 0, w - t = -4*w + 556. What is the highest common divisor of w and 16?
16
Suppose 4*v + 4 + 0 = 0, 3*y + 3*v = 33. Let b = -26 + 122. Calculate the greatest common factor of b and y.
12
Let f = -40 + 95. What is the highest common divisor of 11 and f?
11
Suppose -m = 5*k - 106, -m + 44 = 3*k - 18. What is the greatest common divisor of 154 and k?
22
Let p be -10*(-2)/(-8)*-4. Let g(o) = -o**2 + 7*o - 3. Let t be g(7). Let y = 37 - t. What is the greatest common factor of y and p?
10
Let b(m) = -m**3 + 7*m**2 + 15. Let s be b(7). Calculate the highest common divisor of s and 3.
3
Let c(x) = -14*x - 3. Let h be c(-3). Let m = h + -9. What is the greatest common divisor of m and 20?
10
Let z = -13 + 37. Calculate the highest common factor of z and 36.
12
Suppose -130 = -3*h - 3*k - 34, -5*h - 2*k + 175 = 0. Suppose -j - 2*j = -5*y + h, 0 = -3*j + 3. What is the highest common divisor of y and 24?
8
Suppose -9 = 3*o, -33 = -3*v - 0*o + 5*o. Let y be 10 - 4/v*-3. What is the greatest common factor of 12 and y?
12
Let m be 0 - ((-32)/(-2))/(-2). Suppose 5*h - m = 3*h. Suppose 6 = 3*x - 6. Calculate the greatest common factor of